{"version":"1.0","provider_name":"Cake by fari ","provider_url":"https:\/\/cakebyfari.cafeblog.hu","author_name":"Farkas Rich\u00e1rd","author_url":"https:\/\/cakebyfari.cafeblog.hu\/author\/farkas_richard\/","title":"Ricott\u00e1s lep\u00e9ny","html":"<h3>Minden ember \u00e9let\u00e9ben akadnak id\u0151szakok amikor egy adott \u00e9telre vagy hozz\u00e1val\u00f3ra r\u00e1kattan , \u00e9s n\u00e1lam ez most a t\u00far\u00f3 , \u00fagy t\u0171nik , hogy \u00e9n most \u00e9lem a t\u00far\u00f3 korszakomat . Rengeteg form\u00e1j\u00e1t szeretem , p\u00e9ld\u00e1ul k\u00f6r\u00f6z\u00f6ttk\u00e9nt, tort\u00e1ban , kr\u00e9mben vagy kr\u00e9mt\u00far\u00f3k\u00e9nt de a legjobbat csak mostanra tal\u00e1ltam meg . Sz\u00e1momra lep\u00e9ny form\u00e1j\u00e1ban a legfinomabb de nem is ak\u00e1rhogy , hanem j\u00f3l meglocsolva juharsziruppal , valamint szederrel vagy m\u00e1ln\u00e1val megpakolva , jaj annyira finom . B\u00e1r nem hagyom\u00e1nyos t\u00far\u00f3b\u00f3l k\u00e9sz\u00fcl , de igaz\u00e1b\u00f3l mindegy , azzal is m\u0171k\u00f6dik . T\u00far\u00f3 - t\u00far\u00f3 , megadjuk neki , olasz t\u00far\u00f3fajta \u00e9s h\u00e1t az olasz dolgoknak egy\u00e9bk\u00e9nt is nagy fanja vagyok . A ricott\u00e1ra eddig csak kr\u00e9malapk\u00e9nt tekintettem \u00e9s csak nem r\u00e9g vet\u0151d\u00f6tt fel bennem az \u00f6tlet , hogy ak\u00e1r palacsinta vagy m\u00e1s reggeli \u00f6tletek alapjak\u00e9nt is szolg\u00e1lhatna ez a csod\u00e1s tejterm\u00e9k . Az els\u0151 alkalommal bele is szerettem , \u00e9s \u00fagy \u00e9reztem\u00a0 musz\u00e1j megosztanom veletek ezt a receptet . Na de l\u00e1ssuk is akkor !!!<\/h3>\r\n<hr \/>\r\n<h3><img class=\"alignnone size-full wp-image-620\" src=\"https:\/\/cakebyfari.cafeblog.hu\/files\/2019\/02\/51304228_2247845292165406_859926699758845952_n.jpg\" alt=\"\" width=\"1536\" height=\"2048\" \/><\/h3>\r\n<hr \/>\r\n<h3><span style=\"color: #008000\">Hozz\u00e1val\u00f3k :\u00a0<\/span><\/h3>\r\n<ul>\r\n<li>\r\n<h3>250 g ricotta ( vagy sima t\u00far\u00f3 )\u00a0<\/h3>\r\n<\/li>\r\n<li>\r\n<h3>4 db toj\u00e1s<\/h3>\r\n<\/li>\r\n<li>\r\n<h3>1 te\u00e1skan\u00e1l van\u00edlia paszta<\/h3>\r\n<\/li>\r\n<li>\r\n<h3>1 csipet s\u00f3<\/h3>\r\n<\/li>\r\n<li>\r\n<h3>100 ml habtejsz\u00edn<\/h3>\r\n<\/li>\r\n<li>\r\n<h3>1 <span style=\"color: #ff6600\">narancs<\/span> reszelt h\u00e9ja<\/h3>\r\n<\/li>\r\n<li>\r\n<h3>Mazsola \u00edzl\u00e9s szerint<\/h3>\r\n<\/li>\r\n<li>\r\n<h3>50 g liszt<\/h3>\r\n<\/li>\r\n<\/ul>\r\n<h3>Elk\u00e9sz\u00edt\u00e9s :\u00a0<\/h3>\r\n<ol>\r\n<li>\r\n<h3>A toj\u00e1sokat kett\u00e9v\u00e1lasztjuk majd a s\u00e1rg\u00e1j\u00e1t a ricott\u00e1val valamint a van\u00edlia paszt\u00e1val elkeverj\u00fck .\u00a0<\/h3>\r\n<\/li>\r\n<li>\r\n<h3>Belereszelj\u00fck 1 narancs h\u00e9j\u00e1t , valamint hozz\u00e1adunk 100 ml habtejsz\u00ednt , lehet ak\u00e1r cukrozott vagy cukrozatlan is .<\/h3>\r\n<\/li>\r\n<li>\r\n<h3>Hozz\u00e1adunk 50 g lisztet valamint egy kev\u00e9s mazsol\u00e1t is .<\/h3>\r\n<\/li>\r\n<li>\r\n<h3>A toj\u00e1sfeh\u00e9rj\u00e9t a s\u00f3val\u00a0 felverj\u00fck .<\/h3>\r\n<\/li>\r\n<li>\r\n<h3>Nem sz\u00fcks\u00e9ges teljesen felverni , mivel csak annyi a szerepe itt , hogy fellaz\u00edtsa a t\u00e9szt\u00e1t .\u00a0<\/h3>\r\n<\/li>\r\n<li>\r\n<h3>Ha m\u00e1r valamennyire megtartja a form\u00e1j\u00e1t , akkor hozz\u00e1adhatjuk a ricott\u00e1s alaphoz \u00e9s \u00f3vatosan beleforgatjuk .<\/h3>\r\n<\/li>\r\n<li>\r\n<h3>Olajjal kikent serpeny\u0151ben kis\u00fctj\u00fck \u0151ket .<\/h3>\r\n<\/li>\r\n<li>\r\n<h3>Arra \u00fcgyeljetek , hogy egyszerre maximum 2-3 darabot k\u00e9sz\u00edtsetek , mivel s\u00fct\u00e9s k\u00f6zben m\u00e9g egy kiss\u00e9 l\u00e1gy lesz a lep\u00e9ny , \u00e9s csak k\u00e9s\u0151bb kezd el megszil\u00e1rdulni .<\/h3>\r\n<\/li>\r\n<li>\r\n<h3>Juharsziruppal \u00e9s piros gy\u00fcm\u00f6lcs\u00f6kkel a legfinomabb szerintem de ak\u00e1r m\u00e9zzel is ehetitek vagy b\u00e1rmi m\u00e1ssal ami szimpatikus nektek .<\/h3>\r\n<\/li>\r\n<li>\r\n<h3>Nagyj\u00e1b\u00f3l 15 db kisebb lep\u00e9ny j\u00f6n ki ebb\u0151l az adagb\u00f3l , de vigy\u00e1zzatok mert garant\u00e1ltan f\u00fcgg\u0151s\u00e9get okoz .\u00a0<\/h3>\r\n<hr \/><\/li>\r\n<\/ol>\r\n<h3><img class=\"alignnone size-full wp-image-621\" src=\"https:\/\/cakebyfari.cafeblog.hu\/files\/2019\/02\/51574555_2356028337795269_2289610141663756288_n.jpg\" alt=\"\" width=\"1536\" height=\"2048\" \/><\/h3>\r\n<hr \/>\r\n<p><strong><em>Ha tetszett a mai posztom akkor mindk\u00e9pp jelezd nekem egy Like al valamint ne felejts el fel\u00edratkozni a h\u00edrlev\u00e9lre is , hogy \u00e9rtes\u00edt\u00e9st kapj amikor kiteszek egy \u00fajabb bejegyz\u00e9st .\u00a0 <a href=\"https:\/\/l.facebook.com\/l.php?u=https%3A%2F%2Finstagram.com%2Fcake_by_fari%3Futm_source%3Dig_profile_share%26igshid%3D1o8tynpw5ctzv%26fbclid%3DIwAR0lZZby9UhWHkdyxfL46NiJCmafvMCzMO12UKi_bmfNtVz4LEA0rNphXs4&amp;h=AT3uh4lo2hsmz6xG1vqRjtKLAUKXoWBOxC2LoRQIW68KiwGjPGANX8fvGEOnzyh076BAALj4wJrrjD_wEwFqUq9vlPbNuAUDsVaE76CnzK7ZhzpDIXkchr0Z36nByM4daeT1DR6RIWBcMD7fZdx0\">Instagrammon<\/a>\u00a0 is megtal\u00e1ltok vagy ak\u00e1r\u00a0<a href=\"https:\/\/www.facebook.com\/cakebyfari\/\">Facebookon<\/a> de azt \u00fagyis l\u00e1tj\u00e1tok lent \ud83d\ude00 .<\/em><\/strong><\/p>\r\n<p><strong><em>Legyen sz\u00e9p napotok !<\/em><\/strong><\/p>\r\n<p><strong><em>Sziasztok<\/em><\/strong><\/p>","type":"rich"}

Farkas Richárd

Ricottás lepény

<h3>Minden ember életében akadnak időszakok amikor egy adott ételre vagy hozzávalóra rákattan , és nálam ez most a túró , úgy tűnik , hogy én most élem a túró korszakomat . Rengeteg formáját szeretem , például körözöttként, tortában , krémben vagy krémtúróként de a legjobbat csak mostanra találtam meg . Számomra lepény formájában a legfinomabb de nem is akárhogy , hanem jól meglocsolva juharsziruppal , valamint szederrel vagy málnával megpakolva , jaj annyira finom . Bár nem hagyományos túróból készül , de igazából mindegy , azzal is működik . Túró - túró , megadjuk neki , olasz túrófajta és hát az olasz dolgoknak egyébként is nagy fanja vagyok . A ricottára eddig csak krémalapként tekintettem és csak nem rég vetődött fel bennem az ötlet , hogy akár palacsinta vagy más reggeli ötletek alapjaként is szolgálhatna ez a csodás tejtermék . Az első alkalommal bele is szerettem , és úgy éreztem  muszáj megosztanom veletek ezt a receptet . Na de lássuk is akkor !!!</h3>
<hr />
<h3><img class="alignnone size-full wp-image-620" src="https://cakebyfari.cafeblog.hu/files/2019/02/51304228_2247845292165406_859926699758845952_n.jpg" alt="" width="1536" height="2048" /></h3>
<hr />
<h3><span style="color: #008000">Hozzávalók : </span></h3>
<ul>
<li>
<h3>250 g ricotta ( vagy sima túró ) </h3>
</li>
<li>
<h3>4 db tojás</h3>
</li>
<li>
<h3>1 teáskanál vanília paszta</h3>
</li>
<li>
<h3>1 csipet só</h3>
</li>
<li>
<h3>100 ml habtejszín</h3>
</li>
<li>
<h3>1 <span style="color: #ff6600">narancs</span> reszelt héja</h3>
</li>
<li>
<h3>Mazsola ízlés szerint</h3>
</li>
<li>
<h3>50 g liszt</h3>
</li>
</ul>
<h3>Elkészítés : </h3>
<ol>
<li>
<h3>A tojásokat kettéválasztjuk majd a sárgáját a ricottával valamint a vanília pasztával elkeverjük . </h3>
</li>
<li>
<h3>Belereszeljük 1 narancs héját , valamint hozzáadunk 100 ml habtejszínt , lehet akár cukrozott vagy cukrozatlan is .</h3>
</li>
<li>
<h3>Hozzáadunk 50 g lisztet valamint egy kevés mazsolát is .</h3>
</li>
<li>
<h3>A tojásfehérjét a sóval  felverjük .</h3>
</li>
<li>
<h3>Nem szükséges teljesen felverni , mivel csak annyi a szerepe itt , hogy fellazítsa a tésztát . </h3>
</li>
<li>
<h3>Ha már valamennyire megtartja a formáját , akkor hozzáadhatjuk a ricottás alaphoz és óvatosan beleforgatjuk .</h3>
</li>
<li>
<h3>Olajjal kikent serpenyőben kisütjük őket .</h3>
</li>
<li>
<h3>Arra ügyeljetek , hogy egyszerre maximum 2-3 darabot készítsetek , mivel sütés közben még egy kissé lágy lesz a lepény , és csak később kezd el megszilárdulni .</h3>
</li>
<li>
<h3>Juharsziruppal és piros gyümölcsökkel a legfinomabb szerintem de akár mézzel is ehetitek vagy bármi mással ami szimpatikus nektek .</h3>
</li>
<li>
<h3>Nagyjából 15 db kisebb lepény jön ki ebből az adagból , de vigyázzatok mert garantáltan függőséget okoz . </h3>
<hr /></li>
</ol>
<h3><img class="alignnone size-full wp-image-621" src="https://cakebyfari.cafeblog.hu/files/2019/02/51574555_2356028337795269_2289610141663756288_n.jpg" alt="" width="1536" height="2048" /></h3>
<hr />
<p><strong><em>Ha tetszett a mai posztom akkor mindképp jelezd nekem egy Like al valamint ne felejts el felíratkozni a hírlevélre is , hogy értesítést kapj amikor kiteszek egy újabb bejegyzést .  <a href="https://l.facebook.com/l.php?u=https%3A%2F%2Finstagram.com%2Fcake_by_fari%3Futm_source%3Dig_profile_share%26igshid%3D1o8tynpw5ctzv%26fbclid%3DIwAR0lZZby9UhWHkdyxfL46NiJCmafvMCzMO12UKi_bmfNtVz4LEA0rNphXs4&amp;h=AT3uh4lo2hsmz6xG1vqRjtKLAUKXoWBOxC2LoRQIW68KiwGjPGANX8fvGEOnzyh076BAALj4wJrrjD_wEwFqUq9vlPbNuAUDsVaE76CnzK7ZhzpDIXkchr0Z36nByM4daeT1DR6RIWBcMD7fZdx0">Instagrammon</a>  is megtaláltok vagy akár <a href="https://www.facebook.com/cakebyfari/">Facebookon</a> de azt úgyis látjátok lent 😀 .</em></strong></p>
<p><strong><em>Legyen szép napotok !</em></strong></p>
<p><strong><em>Sziasztok</em></strong></p>
